 12. Determine q(11).
12
Let s(l) = -l**3 - 2*l**2 + l. Give s(-2).
-2
Let m(f) = -2*f**2 + 20*f + 9. Calculate m(11).
-13
Let c(m) = -8*m - 16. Give c(-3).
8
Let c(l) = -l + 22. Calculate c(-9).
31
Let l(x) = -x**3 + 5*x**2 + x - 4. Determine l(6).
-34
Let i(v) = v**3 - 36*v + 20. Calculate i(-6).
20
Let u(o) = o**2 + 11*o + 22. Determine u(-10).
12
Let r(d) = d - 2. Determine r(-2).
-4
Let r(h) = h**2 + 10*h - 18. What is r(-10)?
-18
Let s(q) = 5*q - 30. Calculate s(9).
15
Let v(t) = 4*t**2 - 26*t + 17. What is v(7)?
31
Let d(b) = -6*b + 4. Give d(8).
-44
Let h(t) = t**2 + 2*t - 1. Calculate h(0).
-1
Let b(f) = f**3 - 14*f**2 - 24*f - 7. Give b(16).
121
Let z(t) = t**2 - 22*t. Give z(22).
0
Let l(r) = 18*r**3 + 5*r**2 + 3*r - 3. Calculate l(-1).
-19
Let p(s) = s**3 + 6*s**2 - 13*s + 14. Calculate p(-8).
-10
Let d(a) = -3*a**2 - 49*a + 45. Calculate d(-17).
11
Let b(h) = -19*h + 51. What is b(3)?
-6
Let j(g) = -4*g**2 + g + 7. Determine j(-2).
-11
Let c(s) = -s**3 - 9*s**2 + 12*s + 3. What is c(-10)?
-17
Let b(z) = -3*z**3 - 15*z**2 - 12*z - 9. What is b(-4)?
-9
Let p(z) = -17*z**2 + 3*z. Calculate p(1).
-14
Let k(i) = 3*i**2 - 2*i + 3. Calculate k(3).
24
Let l(h) = 9*h**2 + h. Calculate l(-2).
34
Let g(m) = -6*m**2 - 5*m - 5. Give g(-2).
-19
Let s(i) = i**2 - 9*i - 9. Give s(7).
-23
Let l(n) = n**2 + 23*n + 46. Determine l(-13).
-84
Let i(o) = -o**3 + 3*o**2 + 2*o - 8. What is i(3)?
-2
Let h(j) = 2*j**2 - 4*j - 4. What is h(5)?
26
Let w(x) = -x**2 + 27*x - 153. What is w(17)?
17
Let a(t) = 10*t - 5. What is a(-6)?
-65
Let k(t) = -8*t. Determine k(9).
-72
Let b(i) = i**3 + i**2 - 8*i - 2. Determine b(-4).
-18
Let c(n) = n**3 - 11*n**2 - 5*n + 3. Determine c(11).
-52
Let x(z) = -z**3 + 9*z**2 + 27*z - 50. Give x(11).
5
Let j(i) = -6*i + 84. What is j(13)?
6
Let l(w) = w + 8. What is l(-7)?
1
Let a(s) = 7*s**2 - 4*s + 3. What is a(2)?
23
Let m(p) = -2*p**3 - 54*p**2 - 51*p + 33. Calculate m(-26).
7
Let m(i) = -2*i**2 + 4*i + 2. Calculate m(1).
4
Let w(g) = g**2 + 12*g + 12. What is w(-11)?
1
Let j(b) = -b**2 + b + 7. What is j(3)?
1
Let c(m) = 3*m**2 + 61*m + 90. Give c(-19).
14
Let i(k) = 2*k**2 + 28*k - 76. Give i(-16).
-12
Let c(s) = -11*s - 53. What is c(-6)?
13
Let n(k) = -k - 1. What is n(-9)?
8
Let z(u) = u**3 + 10*u**2 + 6*u + 4. Determine z(-10).
-56
Let w(k) = 6*k + 10. Calculate w(-7).
-32
Let s(c) = 8*c - 8. Determine s(0).
-8
Let x(f) = -2*f**2 + 2*f - 3. What is x(4)?
-27
Let o(i) = -i**2 + 4*i - 10. Determine o(8).
-42
Let g(j) = 5*j**2 + 5*j + 3. What is g(-2)?
13
Let m(f) = 86*f - 428. Calculate m(5).
2
Let h(p) = -p**2 + 49. Calculate h(7).
0
Let b(l) = l**2 + 1. Determine b(0).
1
Let d(o) = 5*o - 139. Determine d(27).
-4
Let w(c) = -c**3 + 24*c**2 + 23*c + 36. What is w(25)?
-14
Let r(o) = o**3 + 11*o**2 + 32*o + 3. Give r(-5).
-7
Let p(o) = o**2 - 9*o + 34. What is p(6)?
16
Let p(v) = v**3 - 4*v**2 + 8*v - 1. Calculate p(2).
7
Let t(d) = -d**2 - 5*d - 7. What is t(-4)?
-3
Let o(w) = -w + 13. Give o(9).
4
Let y(h) = -h**3 + 9*h**2 - 5*h - 64. Calculate y(6).
14
Let y(l) = 2*l**3 - 7*l**2 - 9*l + 20. Calculate y(4).
0
Let y(n) = -2*n + 11. Calculate y(10).
-9
Let f(v) = -2*v - 14. Determine f(-8).
2
Let d(n) = -n - 19. Determine d(0).
-19
Let u(n) = n - 25. Calculate u(16).
-9
Let q(o) = -12*o + 60. Calculate q(15).
-120
Let c(p) = 49*p - 492. Give c(10).
-2
Let j(r) = 2*r**3 + 23*r**2 + 13*r + 8. Give j(-11).
-14
Let s(b) = -b**3 + 26*b**2 - 28*b + 59. Determine s(25).
-16
Let o(h) = 3*h + 27. Give o(-8).
3
Let l(b) = -b**2 + 3*b + 10. Calculate l(-2).
0
Let l(z) = -z**2 - 23*z - 99. Determine l(-5).
-9
Let t(c) = 9*c - 42. Calculate t(5).
3
Let s(q) = 13*q**3 - q + 1. Determine s(-1).
-11
Let p(n) = -6*n - 16. Give p(5).
-46
Let g(f) = -f**3 + 12*f**2 + 11*f - 6. What is g(13)?
-32
Let s(n) = n**3 + n + 3. What is s(-2)?
-7
Let i(d) = -d**3 - 12*d**2 - 14*d - 10. What is i(-11)?
23
Let f(q) = 2*q**3 + 6*q**2 - 3*q - 3. Give f(-3).
6
Let c(d) = -d**3 - 6*d**2 + 5*d - 18. Determine c(-7).
-4
Let w(f) = f**3 + 2*f**2 - 3*f + 3. Give w(-4).
-17
Let m(s) = -s**2 + 20*s - 18. Calculate m(19).
1
Let u(v) = v**3 - 10*v**2 + 5. Calculate u(10).
5
Let c(u) = -u**2 - u + 99. What is c(0)?
99
Let j(o) = 9*o + 46. What is j(-11)?
-53
Let w(v) = -v**2 + 8. Calculate w(0).
8
Let c(w) = 54*w - 5. Calculate c(-1).
-59
Let c(f) = 10*f - 27. What is c(9)?
63
Let w(c) = -42*c + 331. Determine w(8).
-5
Let q(x) = x - 15. Determine q(23).
8
Let g(p) = p**3 + 8*p**2. Give g(-6).
72
Let y(u) = u**3 - 10*u**2 + 8*u + 11. Determine y(9).
2
Let z(f) = f**2 - 4. Determine z(-3).
5
Let r(a) = -a + 60. Give r(0).
60
Let z(a) = a**3 - 8*a**2 - 24*a + 7. Give z(10).
-33
Let a(i) = -i**2 + 17*i + 76. Give a(20).
16
Let z(f) = -f**3 + 36*f**2 - 65*f - 79. Give z(34).
23
Let w(h) = 2*h - 27. Determine w(10).
-7
Let r(p) = 7*p - 59. What is r(6)?
-17
Let r(k) = -5*k + 2. Calculate r(1).
-3
Let a(r) = 59*r**2 - r - 7. Calculate a(0).
-7
Let v(j) = -j**3 - 9*j**2 - 6*j - 8. Calculate v(-8).
-24
Let h(c) = -75*c - 7. Determine h(-1).
68
Let q(p) = 4*p + 34. Determine q(-5).
14
Let z(o) = -3*o**2 + 2*o + 16. Give z(4).
-24
Let z(d) = 4*d - 13. Give z(7).
15
Let f(x) = x**3 - 8*x**2 + 3*x + 6. Determine f(5).
-54
Let z(g) = 7*g**3 - g**2 + 3*g - 1. What is z(1)?
8
Let w(i) = i**3 + 10*i**2 - 40*i - 3. Determine w(-13).
10
Let d(c) = 2*c**3. Give d(-1).
-2
Let o(w) = -26*w + 5. Give o(-2).
57
Let f(t) = t**3 - 13*t**2 + 10*t + 9. Give f(12).
-15
Let x(k) = 5*k - 14. What is x(1)?
-9
Let u(g) = g**3 + 4*g**2 - 2*g + 5. What is u(-5)?
-10
Let x(d) = -2*d**2 + 8*d - 1. Calculate x(6).
-25
Let r(b) = -3*b + 7. Calculate r(10).
-23
Let k(u) = -u**2 + 10*u - 14. Calculate k(14).
-70
Let f(u) = 2*u**3 + 16*u**2 + u + 3. What is f(-8)?
-5
Let p(i) = -19*i - 5. Give p(-2).
33
Let v(a) = -10*a - 72. Calculate v(-6).
-12
Let r(y) = 14*y**3 + 2*y + 2. Give r(-1).
-14
Let s(m) = m**3 - 8*m**2 + 6*m + 1. Give s(8).
49
Let o(y) = -12*y**3 + y**2 - 15*y - 17. Calculate o(-1).
11
Let s(u) = -14*u**3 + 4*u**2 + u - 2. What is s(1)?
-11
Let i(f) = -13*f**2 + 131*f - 20. Give i(10).
-10
Let d(g) = g**2 - 4*g - 5. Calculate d(8).
27
Let m(d) = -d**3 + 6*d**2 - 3*d + 4. What is m(6)?
-14
Let x(a) = -a**2 - 44*a - 247. Calculate x(-38).
-19
Let f(a) = a**3 + 11*a**2 - 2*a - 15. Calculate f(-11).
7
Let k(j) = -j - 18. Determine k(-18).
0
Let m(f) = f**3 - 6*f**2 + 4*f - 1. What is m(3)?
-16
Let n(b) = b - 17. Give n(10).
-7
Let l(m) = -4*m + 3. What is l(-9)?
39
Let m(p) = p**3 + 4*p**2 + p - 1. What is m(-4)?
-5
Let r(b) = -b**3 + 3*b**2 + 4*b + 7. Determine r(4).
7
Let f(v) = -16*v + 4. Calculate f(-2).
36
Let n(k) = 3*k**2 + 165*k - 179. What is n(-56)?
-11
Let i(k) = k**3 - 7*k**2 + 7. Give i(7).
7
Let l(p) = p - 16. What is l(-7)?
-23
Let k(q) = -q**2 - 15*q + 18. Give k(-16).
2
Let o(a) = a**3 + 39*a**2 + 39*a - 11. What is o(-38)?
-49
Let r(k) = k**3 - 22*k**2 - 14*k - 213. Determine r(23).
-6
Let v(t) = -3*t + 8. Determine v(0).
8
Let m(l) = l**3 + 8*l**2 + 9*l - 8. Give m(-6).
10
Let w(s) = -2*s**3 + 3*s**2 + 5*s + 2. Give w(-2).
20
Let p(m) = -2*m**3 + m**2 + 2*m. Calculate p(-1).
1
Let o(f) = -f**3 + 2*f - 3. Give o(2).
-7
Let n(f) = f**2 - 29*f + 69. Determine n(22).
-85
Let s(l) = 18*l. Give s(-3).
-54
Let q(f) = -13*f + 101. What is q(7)?
10
Let w(p) = -p**2 + 22*p - 34. Calculate w(21).
-13
Let x(y) = -y**2 - 28*y - 187. Calculate x(-16).
5
Let m(r) = -r**2 - 2*r - 2. Give m(4).
-26
Let n(o) = o**2 + 8*o - 31. What is n(-15)?
74
Let w(j) = j**2 + j - 5. Determine w(5).
25
Let f(a) = -3*a. Determine f(-2).
6
Let a(p) = p**2 - p + 41. What is a(0)?
41
Let n(t) = 9*t + 336. Calculate n(-37).
3
Let g(d) = -9*d + 4. Calculate g(1).
-5
Let c(d) = d**2 - 8*d - 7. What is c(6)?
-19
Let t(p) = -5*p - 8. Determine t(6).
-38
Let x(q) = 2*q**3 + 100*q**2 + 96*q - 100. Determine x(-49).
-2
Let j(n) = -13*n**2 + 181*n + 22. Give j(14).
8
Let a(z) = z**2 - 7*z - 8. What is a(11)?
36
Let p(q) = q + 7. What is p(11)?
18
Let w(s) = -5*s**2 + 15*s + 9. Give w(5).
-41
Let m(q) = q**2 + 8*q - 1. Determine m(-8).
-1
Let k(q) = -2*q - 25. What is k(-8)?
-9
Let b(t) = -3*t**3 + 4*t**2 + t - 1. Give b(-1).
5
Let m(d) = 32*d**3 + 4*d**2 + 8*d + 2. Give m(-1).
-34
Let b(t) = -t**2 + 37*t + 105. C